 4 - 2300?
-2241
In base 2, what is -1 - 1000100?
-1000101
In base 14, what is -25 + -17?
-3c
In base 5, what is 0 - 2113?
-2113
In base 8, what is -4 + -25?
-31
In base 5, what is -10 + -13?
-23
In base 12, what is 2 + 56?
58
In base 3, what is -1002201 - -10?
-1002121
In base 15, what is -12e5 + -5?
-12ea
In base 13, what is 4685 + -3?
4682
In base 13, what is 0 - 373?
-373
In base 3, what is 101 + -10200200?
-10200022
In base 2, what is -11 - -111000110101?
111000110010
In base 15, what is -15 + -5?
-1a
In base 2, what is 101 - -1111101?
10000010
In base 11, what is -1 - -57?
56
In base 6, what is 240 - 1232?
-552
In base 7, what is 1 + -404?
-403
In base 6, what is -1 + -113?
-114
In base 13, what is -17 + 1?
-16
In base 8, what is 4 - -61?
65
In base 15, what is 1 - 7?
-6
In base 14, what is -2a + -2?
-2c
In base 4, what is -101 + -12?
-113
In base 8, what is -302 - 33?
-335
In base 6, what is 15 + 5435?
5454
In base 8, what is 2 + 32?
34
In base 9, what is 86 - 71?
15
In base 4, what is -3300 - 1?
-3301
In base 5, what is 2 + -200?
-143
In base 15, what is -4 - -5d?
59
In base 9, what is -3036 - 4?
-3041
In base 2, what is 0 + 111011100101?
111011100101
In base 4, what is -2 - 2130?
-2132
In base 3, what is 11112122 + 10?
11112202
In base 14, what is 1 + 2a?
2b
In base 10, what is 1 - -476?
477
In base 7, what is 6430 - -3?
6433
In base 4, what is 21 - -1210?
1231
In base 13, what is 2993 + 2?
2995
In base 5, what is 1032 + 13?
1100
In base 13, what is -2 - -b2?
b0
In base 9, what is 568 - -13?
582
In base 16, what is -4 + 358?
354
In base 8, what is 4 - 410?
-404
In base 8, what is 4 - -654?
660
In base 15, what is 15 + -39?
-24
In base 16, what is 5c - 1?
5b
In base 13, what is 42 + 42?
84
In base 16, what is -7823 - 1?
-7824
In base 7, what is 3205 - -1?
3206
In base 16, what is -b - -42?
37
In base 6, what is 2 + -30?
-24
In base 5, what is 232 - 23?
204
In base 16, what is 31b - 4?
317
In base 4, what is -12332 - -1?
-12331
In base 4, what is 3223 - 3?
3220
In base 4, what is -12212 + -21?
-12233
In base 2, what is 0 + 100010?
100010
In base 4, what is 2 - 33011?
-33003
In base 2, what is 1 - 1001110?
-1001101
In base 10, what is 1 + -84?
-83
In base 12, what is 2b + -80?
-51
In base 4, what is 10 - -100?
110
In base 15, what is 1 + -121?
-120
In base 14, what is 75 - d?
66
In base 5, what is 44 + 43?
142
In base 4, what is -3 + 3232?
3223
In base 6, what is -240 + -324?
-1004
In base 14, what is -1 - -42?
41
In base 5, what is 2213 - 2?
2211
In base 3, what is 2 - -10111?
10120
In base 6, what is 2415 + -11?
2404
In base 8, what is -323 + -3?
-326
In base 11, what is 118 + -4?
114
In base 14, what is 11 + a1?
b2
In base 11, what is 4 - 50?
-47
In base 9, what is 2562 + -1?
2561
In base 15, what is -26 - -4?
-22
In base 7, what is 2 + -410?
-405
In base 14, what is -5 - -ad?
a8
In base 8, what is -62 - 12?
-74
In base 6, what is 200203 - -1?
200204
In base 16, what is a - -875?
87f
In base 13, what is -9b + 4?
-97
In base 9, what is 162 - 3?
158
In base 13, what is 3 - -c9?
cc
In base 13, what is 1 - -36c?
370
In base 3, what is 2 + 20201012?
20201021
In base 12, what is -1 - 17?
-18
In base 12, what is -3 + 2257?
2254
In base 6, what is 243 - 1?
242
In base 12, what is 34 + 0?
34
In base 15, what is 9 + -5?
4
In base 3, what is -10 + 100201221?
100201211
In base 9, what is 25 + -27?
-2
In base 8, what is -1 - -1604?
1603
In base 13, what is 22 + 0?
22
In base 9, what is 3 - 6?
-3
In base 11, what is 5 - 1963?
-1959
In base 8, what is 134 + 24?
160
In base 4, what is 22310 - 31?
22213
In base 6, what is 1 - 231?
-230
In base 14, what is -4 + -b?
-11
In base 2, what is 100 + 10000101?
10001001
In base 10, what is -18 - 301?
-319
In base 6, what is 2122 - -115?
2241
In base 2, what is 100 + 111?
1011
In base 4, what is 101 - -2000?
2101
In base 5, what is 2 + -120?
-113
In base 7, what is -330 - -21?
-306
In base 8, what is 0 - -1160?
1160
In base 2, what is 10 + 1110000?
1110010
In base 13, what is -3 - 20?
-23
In base 13, what is -1 + -30a?
-30b
In base 16, what is -9c - -48?
-54
In base 10, what is -1 - 1217?
-1218
In base 2, what is -11011011111 - 0?
-11011011111
In base 11, what is -3 + 5?
2
In base 11, what is -3 + 107?
104
In base 14, what is -4 - 35?
-39
In base 3, what is 0 - 201111?
-201111
In base 3, what is -122101212 - 12?
-122102001
In base 5, what is 3 + 102?
110
In base 16, what is 4c2a + -4?
4c26
In base 9, what is 108 + 2?
111
In base 9, what is 0 - -7127?
7127
In base 9, what is -100 - 26?
-126
In base 12, what is -2 - -a44?
a42
In base 11, what is 140 - 3?
138
In base 10, what is -33 + -343?
-376
In base 12, what is -93 - -3?
-90
In base 16, what is -4 - 497?
-49b
In base 2, what is -11010 + 1110101000?
1110001110
In base 6, what is -3 - 205?
-212
In base 12, what is -2 - -667?
665
In base 7, what is -433 - -10?
-423
In base 10, what is 170 + -6?
164
In base 4, what is -1 - 2031?
-2032
In base 16, what is 12 - 0?
12
In base 15, what is -18 + 3?
-15
In base 16, what is 1d6 - 1?
1d5
In base 2, what is 1000 + 1110?
10110
In base 14, what is -2 - 4c?
-50
In base 2, what is 101 + -111000101?
-111000000
In base 7, what is 1 + 2413?
2414
In base 12, what is 6a - -22?
90
In base 9, what is -5 + 221?
215
In base 14, what is -10 + -51?
-61
In base 7, what is 2 - 1145?
-1143
In base 8, what is -1 + -724?
-725
In base 4, what is 3 + 1223?
1232
In base 15, what is 116 - c?
109
In base 12, what is -a + 39?
2b
In base 8, what is 1010 - 3?
1005
In base 7, what is 5 - 60?
-52
In base 13, what is 2 + 1b3?
1b5
In base 4, what is -22131 - -1?
-22130
In base 12, what is -119 - 6?
-123
In base 2, what is -101100010 - -1?
-101100001
In base 8, what is -102 - 53?
-155
In base 2, what is -11011100 + 11?
-11011001
In base 8, what is 63 - 2?
61
In base 10, what is -3 + -21?
-24
In base 15, what is -2 - -2b?
29
In base 12, what is -1a + -19?
-37
In base 16, what is 5 - 39?
-34
In base 13, what is 5 - 88b?
-886
In base 16, what is -26 - -c?
-1a
In base 10, what is 25 + 1?
26
In base 12, what is -142 - -42?
-100
In base 10, what is -932 + 3?
-929
In base 4, what is -111 + -11300?
-12011
In base 11, what is 14564 + -4?
14560
In base 11, what is -3 + -1841?
-1844
In base 4, what is -23322 - 112?
-30100
In base 14, what is 2 + -c?
-a
In base 3, what is 12 - 1122200?
-1122111
In base 11, what is 8 - 17?
-a
In base 13, what is -165 + 11?
-154
In base 5, what is -10 - 22133?
-22143
In base 3, what is -102211 - 11?
-102222
In base 13, what is 2 - -26?
28
In base 12, what is 5 - 118?
-113
In base 11, what is -4 + -39?
-42
In base 14, what is 2b + -25a?
-22d
In base 5, what is 4 - -1313?
1322
In base 3, what is -1001112 + 1?
-1001111
In base 15, what is -2 + -488?
-48a
In base 5, what is 40 - -211?
301
In base 2, what is 110 + 1001011?
1010001
In base 9, what is 15 - 1144?
-1128
In base 13, what is 7 - -70?
77
In base 16, what is -1dd8 - 1?
-1dd9
In base 6, what is 4 + 232?
240
In base 14, what is 47c + -5?
477
In base 9, what is -5 - -215?
210
In base 4, what is -100 + -112?
-212
In base 10, what is 1 + 6?
7
In base 9, what is 1 - 460?
-458
In base 2, what is -1 + -1000011010?
-1000011011
In base 14, what is -8 - 1b7?
-1c1
In base 16, what is 6c7 - 0?
6c7
In base 15, what is -1 - -1d?
1c
In base 7, what is -1366 - 2?
-1401
In base 3, what is 210100 - 12?
210011
In base 7, what is 254 - -4?
261
In base 11, what is 5 - -5?
a
In base 15, what is -1 + -3a?
-3b
In base 14, what is -34 + 1?
-33
In base 12, what is 13a1 + 3?
13a4
In base 3, what is -210212 - -10?
-210202
In base 15, what is 33 - -2?
35
In base 13, what is 0 + -70?
-70
In base 14, what is 4c - -5?
53
In base 15, what is -19 + 104?
da
In base 11, what is 4602 - 1?
4601
In base 15, what is -60 + -31?
-91
In base 8, what is -121 + 5?
-114
In base 8, what is 1253 - -1?
1254
In base 16, what is c7 - -c?
d3
In base 15, what is 2 + 9a?
9c
In base 6, what is 3 + 1?
4
In base 6, what is 3 + -231?
-224
In base 15, what is -16 + -49?
-60
In base 14, what is 3 - 1817?
-1814
In base 14, what is 0 + 2c?
2c
In base 7, what is 26303 + 1?
26304
In base 14, what is -10 + -3?
-13
In base 5, what is 10 + 241?
301
In base 13, what is 0 - 45?
-45
In base 6, what is -2121 - -100?
-2021
In base 7, what is 404 + 